*z + 9. List the prime factors of r(q).
3, 13
Suppose 279 = -7*w + 1770. Suppose -8 = y - w. List the prime factors of y.
5, 41
Let h = -56 - -100. Let i = -20 + h. List the prime factors of i.
2, 3
Let q = 91 - 59. Let h = q + -13. What are the prime factors of h?
19
Suppose -f - 32 = 3*f + 5*k, 3*f - 4*k = 7. Let c be 12/(12/f) - 5. What are the prime factors of (-3)/(-12) - 158/c?
2, 5
Suppose 3*f - 5*y = 3107, -3147 = -34*f + 31*f - 3*y. What are the prime factors of f?
2, 3, 29
Let r(n) = -n**2 + 2*n - 70. Let v be r(0). Let o = v - -114. List the prime factors of o.
2, 11
Suppose -40 - 40 = -5*z. Suppose o + z = 48. List the prime factors of o.
2
What are the prime factors of (222/4 - -5)/(3/78)?
11, 13
Let s(i) be the first derivative of i**4/2 + 14*i**3/3 + 2*i**2 + 12*i - 25. List the prime factors of s(-6).
2, 3, 5
Suppose 3*r - 1530 - 1656 = 3*g, -3*g = -5*r + 5302. List the prime factors of r.
2, 23
Let x(u) be the third derivative of -u**7/84 - u**6/180 - u**4/6 - 2*u**3 + 2*u**2. Let h(n) be the first derivative of x(n). List the prime factors of h(-2).
2, 17
Let t(l) = -l**2 + 12*l. Let g be t(12). Suppose g = 2*w + 3*u - 2*u - 70, 4*w - 3*u - 130 = 0. List the prime factors of w.
2, 17
Let y(v) be the third derivative of v**6/120 - v**5/30 + 5*v**4/12 - 5*v**3/3 - 17*v**2. What are the prime factors of y(4)?
2, 31
Suppose 2*m - 3*n = -4*n + 886, -3*m + 1339 = -n. What are the prime factors of (m/(-5))/(-1 + 0)?
89
Let w(x) = x**2 + 2*x + 3. Let m = 4 + -6. Let u be w(m). Suppose 0 = -5*a - 5*t + 115, u*t + 0*t = -4*a + 89. List the prime factors of a.
2, 5
Suppose 3*d = -z + 3*z - 1, -8 = -d - z. Let m = 232 - 268. Let h = d - m. List the prime factors of h.
3, 13
Let z be 592/64 - (-3)/4. Suppose 3*q - 2*q = z. Suppose -q*d = -8*d - 92. List the prime factors of d.
2, 23
Let v(m) = -m**3 + 10*m**2 - 8*m - 4. Let a = 15 - 6. Let q be v(a). Suppose 1 - 71 = -q*c. What are the prime factors of c?
2, 7
What are the prime factors of (-3 + 119/28)*4396 - 4?
17, 19
Let r(y) = 11*y**2 + 7*y + 27. What are the prime factors of r(6)?
3, 5, 31
Let y(u) = 7*u + 1. Suppose -i - 5*f = 1, 0 = 3*i + 2*i - 2*f - 22. Let p be y(i). Suppose -2*x = -p - 41. What are the prime factors of x?
5, 7
Suppose 0*a = -r + 4*a + 181, 573 = 3*r - 2*a. Suppose -w + r = 52. List the prime factors of w.
3, 47
Let s(u) = -179*u - 6. Let f be s(-5). Let q = f + -619. What are the prime factors of q?
2, 3, 5
Suppose 4*v + 4*o - 13 = -1, 2*v = -4*o + 4. Let r be v/(-14) - 48/(-21). Suppose 0 = 2*u - r - 12. What are the prime factors of u?
7
Suppose 14 = -k - 18. Let n = k + 93. What are the prime factors of n?
61
Suppose 0 = 2*w + 2*w - 5*y - 18, -w + 13 = 3*y. Suppose -8*r = -w*r. Suppose -3*o + o = v - 19, r = 5*o - v - 30. List the prime factors of o.
7
Suppose 86*z - 47651 = 218261. What are the prime factors of z?
2, 773
List the prime factors of (1666/6 + -1)*4563/338.
3, 5, 83
Suppose 56*f = 59*f - 378. Suppose 44*m - 47*m = -f. What are the prime factors of m?
2, 3, 7
Let v = 1239 + -920. List the prime factors of v.
11, 29
Let k = 13 - 8. Suppose 2 + 2 = 3*c - 4*z, 0 = 4*c - k*z - 5. Suppose 3*m - 2*o = 191, -3*m - m + 2*o + 254 = c. What are the prime factors of m?
3, 7
Let u(t) = 175*t + 31. What are the prime factors of u(1)?
2, 103
Suppose 2*t + 9 = 5*a - 11, 0 = 2*a + 4*t + 16. Let s(n) = 8*n**3 + 2*n**2 - n - 1. What are the prime factors of s(a)?
3, 23
Let z = 1120 + -886. List the prime factors of z.
2, 3, 13
Let a = 2 + 7. List the prime factors of 3/a*-3 + 1 + 98.
2, 7
Suppose -3*q = -3*a - 8*q + 20, 5*a = -4*q + 42. Suppose -23 = 3*k + a. Let s = k + 43. List the prime factors of s.
2
Let g(z) = z**3 + 2*z**2 - 6*z + 1. Let d be g(-4). Let c(m) = -2*m + 12. Let k be c(d). Suppose -y + 6 + k = 0. What are the prime factors of y?
2
Let r = 1571 + 1681. List the prime factors of r.
2, 3, 271
Let i be (56/5)/((-12)/(-150)). Suppose -i = -z - z + 3*f, 144 = 2*z - f. What are the prime factors of z?
73
Let i = 2237 - 921. Suppose -242 + i = 3*p. List the prime factors of p.
2, 179
Let t(n) = 1 + 3 - n**3 + 7*n**2 - 3 + n - 5. Let k be t(4). Suppose 2*i + m = 38 - 2, 2*i - 5*m = k. What are the prime factors of i?
19
Let p = 3 + 0. Suppose 4*b + p*v = 58, b + 2*v = 2*b - 20. What are the prime factors of b?
2
Let g(l) = l**3 - 7*l**2 + 1. Let t be g(4). Let f = t + 32. Let a = -11 - f. List the prime factors of a.
2
Suppose -8*h + 220 = -3*h. Let r be h/(5/2 - 2). Let n = r + -46. What are the prime factors of n?
2, 3, 7
Let i = 26 + -12. Let l = i - 18. Let a(c) = -c**3 - 2*c**2 + 5*c - 2. What are the prime factors of a(l)?
2, 5
Let c(v) = 8 - 28*v + 8 - 19. Let s(p) = p**2 + 10*p + 19. Let o be s(-7). List the prime factors of c(o).
53
Suppose -l + 4*c = -343, -8*l + 9*l + 5*c = 343. What are the prime factors of l?
7
Suppose 12 + 3 = 5*b. Let f be (-3)/(-1) - (b + 13). Let m = 47 + f. List the prime factors of m.
2, 17
Let z(h) = -10*h + 7. Let p(g) = 5*g - 3. Let y(i) = -13*p(i) - 6*z(i). Suppose 0 = -4*f - f - 15. What are the prime factors of y(f)?
2, 3
Suppose 5*a - s - 5280 = 4*s, 5*a = 3*s + 5290. What are the prime factors of a?
1061
Let t(r) = 8*r**2 + r - 3. Let a = -21 - -24. Let h be t(a). Suppose 2*p - 8 - h = -4*i, -i = -p + 46. What are the prime factors of p?
2, 11
What are the prime factors of ((-9650)/(-30) - -6)*6?
2, 983
Let i(w) = w**3 + 6*w**2 - 16*w + 8. Let m be i(-8). Let h = 14 + m. List the prime factors of h.
2, 11
Let j = -52 - -29. Let k = 44 + j. What are the prime factors of k?
3, 7
Suppose 185 - 1117 = -3*p - q, 5*q = 4*p - 1249. Let t = 495 - p. What are the prime factors of t?
2, 23
List the prime factors of ((218 - 1) + 1)/(48/216).
3, 109
Suppose -5*z + 2*w - 2226 = 0, 3*z + 544 + 788 = 3*w. Let f be z/(-8) + 9/(-12). Suppose x = -0*x + f. What are the prime factors of x?
5, 11
Let z(a) = a + 2 - 2*a - 18*a - 5*a. Let x be z(-6). Suppose -4*m - 14 + x = 0. What are the prime factors of m?
3, 11
Let l(u) = 3*u**2 + 43*u - 6. List the prime factors of l(-19).
2, 5, 13
Let z = 5 + -3. Suppose 5*v - 125 = -n, v + 408 = 4*n - z*v. List the prime factors of n.
3, 5, 7
Let o(g) = 7*g**2 - 4*g - 2. Let y be o(-2). Let f = y - 21. List the prime factors of f.
13
Let n(m) = -m**2 - 11*m + 5. Let o(s) = -2*s**2 - 6*s - 3. Let h be o(-4). Let f be n(h). Let j(c) = 4*c. What are the prime factors of j(f)?
2, 5
List the prime factors of (0 - (10 - 278))*6.
2, 3, 67
Suppose 3*r = 7*r. Suppose -4*i + i + 198 = v, r = i + 3*v - 74. What are the prime factors of i?
5, 13
Let r = -18 + 0. What are the prime factors of (-24)/108 - 1552/r?
2, 43
Let o = 20 + 21. Let c = 131 - o. Suppose -c = -4*p + 2*n, 4*p - 13 = -5*n + 56. What are the prime factors of p?
3, 7
Let k = 6 + -2. Suppose -r - 35 - 18 = -k*i, -65 = -5*i + r. List the prime factors of (-116)/(-10) - i/(-30).
2, 3
Suppose -i + 2 = -10. Suppose 0 = 10*u - i*u + 130. What are the prime factors of u?
5, 13
Suppose 3*b - 3446 = 2*i, 3*b + 0*i + 2*i - 3454 = 0. Suppose -10*l + b = 340. List the prime factors of l.
3
Let q be 4 - (-58 - 1) - 3. Let h = q - 43. List the prime factors of h.
17
Suppose 30*o = 68414 - 44. List the prime factors of o.
43, 53
Let m = -3231 + 4836. What are the prime factors of m?
3, 5, 107
Let f(d) = -d**2 + 9. Let j be f(4). Let r(p) = p**3 + 11*p**2 + 8*p - 11. What are the prime factors of r(j)?
3, 43
Suppose 4*f - 10544 = -7*t + 3*t, 4*t - 5*f = 10580. List the prime factors of t.
2, 3, 5, 11
Let x = 6630 - 3406. What are the prime factors of x?
2, 13, 31
Suppose 3*l = 2*x + 2*l - 1, -5*l = -15. Suppose t = -x + 50. What are the prime factors of t?
2, 3
Let x be (-9)/(-7) - 12/42. Let s be (-2 - 0)/(0 + x). What are the prime factors of ((-3)/s)/((-21)/(-644))?
2, 23
Let d = 11473 + -8058. What are the prime factors of d?
5, 683
Let i = -29 - -34. Suppose -5*a - 147 + 612 = 5*w, -4*w = i*a - 368. List the prime factors of w.
97
Let b be (-2*(-4 + 30/(-4)))/1. Suppose -b*t - 205 = -28*t. What are the prime factors of t?
41
Let u(s) = -1471*s - 17. What are the prime factors of u(-1)?
2, 727
List the prime factors of 92*(-332)/(-32) - 2/4.
2, 3, 53
Let o(w) = -5*w + 1 - 6*w**3 + 5*w**3 + 2*w**2 + 3*w**3 + w. Let b be o(-3). Let y = b + 46. W